*y**2 - 44*y - 161. What is k(-4)?
-209
Let v(o) = -102*o + 743. What is v(7)?
29
Let j(r) = r**2 + 5*r - 20. Determine j(5).
30
Let n(b) = -8*b**2 + 215*b - 543. Determine n(24).
9
Let s(m) = -m**3 - 10*m**2 - 13*m + 52. Give s(-4).
8
Let k(f) = 14*f**3 + 50*f**2 + 16*f + 1. What is k(-3)?
25
Let t(n) = 2*n**2 + 87*n + 247. Calculate t(-40).
-33
Let b(v) = 3*v**2 + 88*v - 592. Give b(6).
44
Let z(t) = -3*t**2 + 19*t + 35. Calculate z(9).
-37
Let w(s) = s**3 - 5*s**2 + 10*s - 6. What is w(5)?
44
Let w(v) = v**2 - 323*v + 21237. Determine w(92).
-15
Let x(s) = -1666*s + 4995. Calculate x(3).
-3
Let q(h) = -h**3 + 11*h**2 + 65*h - 638. Give q(12).
-2
Let g(c) = -59*c**2 + 711*c - 30. What is g(12)?
6
Let p(z) = -z**3 + 34*z**2 - 291*z + 1. Give p(16).
-47
Let n(o) = 6*o**3 + 95*o**2 - 120*o - 4. Give n(-17).
13
Let w(p) = -3*p**2 - 71*p - 636. Calculate w(-9).
-240
Let z(i) = i**3 + 13*i**2 - 11*i + 59. Give z(-14).
17
Let s(t) = -t**3 - 51*t**2 + 342*t - 19. Determine s(-57).
-19
Let p(z) = 2*z**3 - 4*z**2 + 62*z + 138. Calculate p(-2).
-18
Let a(n) = -1124*n + 12510. Give a(11).
146
Let i(u) = u**3 - 39*u**2 + 17*u + 2034. What is i(37)?
-75
Let t(z) = z**3 - 34*z**2 + 169*z + 2. Calculate t(6).
8
Let j(y) = 11*y - 38. Give j(-4).
-82
Let g(b) = b**2 + 15*b + 1. Give g(-26).
287
Let z(c) = 77*c + 764. Give z(-10).
-6
Let r(q) = 2*q**3 - 13*q**2 - 29*q + 145. Calculate r(7).
-9
Let h(s) = -s**3 - s**2 - 10*s - 24. What is h(-5)?
126
Let x(k) = 38*k + 3914. Calculate x(-103).
0
Let k(q) = 459*q - 2683. Give k(6).
71
Let h(i) = 41*i**3 + i**2 + 6*i - 6. Give h(2).
338
Let d(f) = -2*f**3 - 368*f**2 - 730*f - 369. Calculate d(-182).
-5
Let s(r) = r**2 - 143*r + 4497. Determine s(47).
-15
Let l(g) = 11*g**2 - 172*g + 512. Calculate l(3).
95
Let g(v) = -17253*v - 155281. Determine g(-9).
-4
Let b(f) = -47*f**3 - 2*f**2 + 9*f + 6. Give b(-2).
356
Let p(n) = 14*n**2 + 87*n + 25. What is p(-6)?
7
Let g(f) = 3*f**2 - 205*f - 421. Give g(-2).
1
Let u(a) = -1953*a + 37111. Give u(19).
4
Let p(r) = 128*r + 12. Calculate p(-2).
-244
Let h(f) = 276*f**2 + 1661*f + 12. Give h(-6).
-18
Let i(g) = -g**3 - 2*g**2 - 6*g - 73. Calculate i(-4).
-17
Let f(n) = n**3 - 56*n**2 + 429*n + 44. What is f(47)?
326
Let r(d) = -d**3 - d**2 - 6*d - 40. Give r(0).
-40
Let x(o) = -629*o - 8179. Give x(-13).
-2
Let m(l) = -770*l + 4628. Give m(6).
8
Let g(w) = -753*w + 4503. What is g(6)?
-15
Let g(d) = 135*d + 272. Give g(-5).
-403
Let y(b) = 37*b - 508. Determine y(16).
84
Let n(a) = -4*a**2 - 29*a - 36. Give n(-4).
16
Let o(c) = 31*c + 5773. Give o(-186).
7
Let u(t) = t**2 + 15*t - 7256. Give u(-93).
-2
Let g(k) = 2*k**2 + 137*k - 1130. Calculate g(-76).
10
Let z(r) = 57*r - 100. Determine z(2).
14
Let z(s) = -2*s**3 - 13*s**2 - 34*s - 16. Determine z(-2).
16
Let q(w) = -w**3 + 73*w**2 - 100*w + 2008. Calculate q(72).
-8
Let l(d) = -37*d + 63. What is l(16)?
-529
Let c(q) = 116*q + 572. Calculate c(-5).
-8
Let t(f) = -f**3 + 28*f**2 + 8*f - 1562. Calculate t(26).
-2
Let z(n) = 5*n**2 + 91*n - 93. Give z(1).
3
Let w(q) = 59*q - 614. What is w(9)?
-83
Let z(q) = 88*q**2 - 3343*q - 40. Give z(38).
-2
Let x(m) = 2*m**3 + 16*m**2 + 5*m - 61. Determine x(-10).
-511
Let d(r) = 13*r + 227. Calculate d(-21).
-46
Let f(x) = -2239*x + 13428. Give f(6).
-6
Let h(m) = -m**3 + 83*m**2 - 241*m + 81. What is h(80)?
1
Let r(a) = 3*a**2 - 87*a + 480. Calculate r(10).
-90
Let y(a) = -a**3 + 22*a**2 - 56*a + 25. Give y(19).
44
Let f(b) = 56*b - 2. Determine f(0).
-2
Let h(r) = -77*r**2 - 66*r - 132. Determine h(-2).
-308
Let g(s) = 64*s + 231. What is g(-4)?
-25
Let b(g) = 20*g**2 - 878*g - 41. Determine b(44).
47
Let i(f) = -3*f**3 + 26*f**2 + 24*f - 132. Calculate i(9).
3
Let h(k) = 2*k**3 + 30*k**2 + 243*k + 2498. What is h(-13)?
15
Let c(h) = h**3 + 8*h**2 - 9*h - 25. Give c(0).
-25
Let m(s) = s**2 - 28*s + 222. Calculate m(22).
90
Let a(o) = -o**3 + 9*o**2 - 3. Determine a(9).
-3
Let t(w) = -139*w + 6476. What is t(46)?
82
Let u(l) = 126*l + 1499. What is u(-12)?
-13
Let m(l) = l - 100. Give m(0).
-100
Let d(f) = -2*f**2 - 173*f + 818. Give d(-91).
-1
Let c(a) = a**3 + 3*a**2 + 6*a + 14. What is c(-3)?
-4
Let x(o) = -160*o - 2110. Give x(-13).
-30
Let p(k) = -k**2 + 19*k + 259. What is p(27)?
43
Let o(m) = -m**3 + 11*m**2 - 70*m + 283. Give o(7).
-11
Let u(y) = 7*y**2 - 100*y + 11. Calculate u(14).
-17
Let q(f) = 89*f**2 + 81*f + 244. What is q(-3)?
802
Let h(g) = -7*g**2 - 247*g + 4. Determine h(-35).
74
Let s(a) = 35*a**2 - 7*a - 24. Give s(-3).
312
Let o(y) = 2*y**3 - 28*y**2 - 59*y - 93. What is o(16)?
-13
Let d(l) = 5*l**2 + 10*l - 50. What is d(-5)?
25
Let x(h) = -185*h + 573. What is x(3)?
18
Let b(r) = -r**3 - 8*r**2 + 12*r + 76. Determine b(-6).
-68
Let s(t) = t**3 - 2*t**2 - 16*t - 115. Calculate s(-5).
-210
Let i(b) = -b**2 - 1067*b - 9514. Determine i(-9).
8
Let u(d) = -5*d**2 - 32*d - 25. Give u(-6).
-13
Let o(d) = 85*d + 1586. Determine o(-16).
226
Let y(h) = 628*h - 15720. Calculate y(25).
-20
Let a(j) = 892*j - 491496. Calculate a(551).
-4
Let k(n) = 1628*n - 16275. Give k(10).
5
Let m(z) = 4*z**2 + 2*z - 8. Determine m(-3).
22
Let z(k) = -2*k**3 - 3*k**2 + 3*k - 10. What is z(-4)?
58
Let o(y) = 409*y + 3271. What is o(-8)?
-1
Let q(g) = -4*g**3 - 4*g**2 + 87*g + 44. What is q(-5)?
9
Let r(l) = -12*l**3 - 841*l**2 - 65*l + 369. Determine r(-70).
19
Let y(h) = h**3 + 27*h**2 + 20*h + 2203. Determine y(-29).
-59
Let p(d) = 154*d + 3490. Determine p(-20).
410
Let m(x) = -x**3 + 32*x**2 - x + 84. Give m(32).
52
Let o(m) = -m**3 - 14*m**2 - 32*m + 45. Calculate o(-11).
34
Let f(t) = t**3 + 36*t**2 + 160*t + 141. Determine f(-31).
-14
Let o(u) = -43*u**2 - 440*u - 28. Determine o(-10).
72
Let u(g) = -298*g + 54540. Calculate u(183).
6
Let y(f) = -48*f**2 - 143*f + 4. Calculate y(-3).
1
Let p(a) = -a**3 - 15*a**2 - 40*a + 14. Determine p(-8).
-114
Let a(v) = 8*v**2 + 64*v - 34. Determine a(-8).
-34
Let l(s) = -s**3 - 108*s**2 - 2*s - 209. Give l(-108).
7
Let o(v) = -v**3 - 31*v**2 + 71*v + 1248. What is o(-32)?
0
Let g(t) = -t**3 - 15*t**2 + 28*t - 52. Determine g(-17).
50
Let o(y) = -4*y**2 + 154*y - 501. Give o(35).
-11
Let b(p) = p**2 + 88*p - 7110. Give b(-139).
-21
Let t(g) = -100*g - 170. Determine t(0).
-170
Let g(p) = p**3 - 9*p**2 - 87*p + 253. Give g(14).
15
Let j(u) = -2*u**3 + 78*u**2 + 63. What is j(39)?
63
Let w(z) = 10*z + 214. Calculate w(-16).
54
Let g(j) = j**2 + 25*j + 124. Give g(-7).
-2
Let b(v) = -18*v + 12. Give b(-9).
174
Let l(p) = 29*p**2 + 53*p - 8. Give l(-2).
2
Let v(l) = -75*l + 986. Determine v(13).
11
Let d(z) = 2*z**2 - 109*z + 451. Determine d(50).
1
Let z(j) = -j**3 - 5*j**2 - 10*j - 55. Give z(-4).
-31
Let l(q) = q**2 - 28*q - 190. Determine l(32).
-62
Let k(n) = 4*n**2 + 86*n - 645. Determine k(6).
15
Let p(l) = l**3 - 25*l - 589. Calculate p(0).
-589
Let s(c) = -815*c - 1635. What is s(-2)?
-5
Let u(a) = -a**2 - 490*a - 12928. Calculate u(-28).
8
Let c(t) = -5*t**3 - 24*t**2 - 55*t - 304. Determine c(-5).
-4
Let b(z) = -z**3 - 13*z**2 + 172*z + 2020. Determine b(-10).
0
Let x(q) = -865*q + 24207. What is x(28)?
-13
Let r(s) = -s**3 - 4*s**2 - 3*s - 60. Calculate r(-5).
-20
Let x(n) = 2*n**2 - 21*n + 69. What is x(15)?
204
Let b(x) = x**3 - 12*x**2 - 152*x + 1770. Calculate b(11).
-23
Let v(o) = -7*o**2 + 82*o + 27. What is v(12)?
3
Let v(w) = -235*w**2 + 6*w + 1. Determine v(-1).
-240
Let p(n) = -n**3 + 26*n**2 - 6*n - 463. Calculate p(25).
12
Let r(d) = d**3 - 15*d**2 + 11*d + 17. Determine r(15).
182
Let p(b) = 4*b**3 + 33*b**2 + 3*b - 20. What is p(-8)?
20
Let m(q) = -3*q**2 + 48*q + 275. Calculate m(-9).
-400
Let u(j) = 193*j - 2953. Determine u(16).
135
Let j(f) = -105*f**2 + 128*f - 265. Give j(2).
-429
Let p(j) = -1221*j + 5062. Give p(4).
178
Let t(l) = -489*l - 5384. Determine t(-11).
-5
Let t(w) = -w**3 + 111*w**2 + 111*w + 19. Give t(112).
-93
Let l(o) = -o**3 - o**2 - o + 6. Determine l(0).
6
Let g(b) = -733*b + 738. What is g(1)?
5
Let c(u) = -54*u + 280. What is c(6)?
-44
Let o(y) = y**3 + 751*y**2 + 4463*y - 30. Calculate o(-6).
12
Let y(p) = 33*p + 190. Determine y(-7).
-41
Let n(j) = -j**3 + 5*j**2 + 26*j - 171. What is n(6)?
-51
Let i(y) = 4*y**3 - 8*y**2 + 15*y + 6. What is i(5)?
381
Let b(d) = 1204*d + 2528. Determine b(